0). Let a = m + -7. Let w be (-3)/(-1*a/(-2)). Calculate the greatest common factor of 18 and w.
6
Let v be (0 - 0)/(-1) + -2. Let u(x) = -x**2 - 1 + 0*x**2 + 6*x**2 + 2*x**2. Let q be u(v). What is the highest common factor of 18 and q?
9
Let q(o) = -3*o - 10. Let a be q(-5). Calculate the greatest common factor of 35 and a.
5
Let x = -41 - -161. Calculate the greatest common factor of 15 and x.
15
Let b(y) = 2*y. Let s be b(2). Let u = -2 - -2. Suppose 5*v - 100 = -u*v. Calculate the highest common divisor of s and v.
4
Suppose -10 = -5*c - 0*c. Suppose c*b = 7*b - l - 65, -5*b + 40 = 4*l. Calculate the highest common factor of 6 and b.
6
Let y(o) = -o**3 - 6*o**2 + 8*o - 14. Let i be y(-8). What is the greatest common factor of i and 10?
10
Let t(d) = -d**3 + 2*d**2 - d + 13. Let w be t(0). What is the greatest common factor of 13 and w?
13
Let k be 6/15 + 126/(-15). Let t be (-1)/4 + (-58)/k. Suppose -t*i + 36 = -3*i. Calculate the greatest common factor of 1 and i.
1
Let b = -2 - -2. Suppose -2*w = -b*w - 8. Suppose -w*k = -6*k + 80. What is the highest common divisor of 16 and k?
8
Let k be ((-3320)/(-4))/5 - -2. Calculate the greatest common factor of 42 and k.
42
Let b be (16/10)/(3/30). Calculate the greatest common factor of 1 and b.
1
Let b = 4 + 1. Suppose 5*a + 105 = b*t, -t + 0*a + 23 = a. What is the highest common divisor of 33 and t?
11
Let m(i) = i**2 + 4*i - 2. Let k be m(-5). Suppose -3*r + 30 - k = 0. Calculate the highest common divisor of r and 99.
9
Suppose -7*m + 14*m - 14 = 0. Calculate the greatest common factor of m and 5.
1
Suppose 5 = g - 3. Suppose -8*k = -5*k - 72. Calculate the highest common divisor of k and g.
8
Let g(l) = 7*l + 2. Let q be g(4). What is the highest common divisor of q and 15?
15
Suppose -5*a - 4*s = -166, 5*a = 4*s + s + 175. Calculate the greatest common factor of a and 17.
17
Let n be ((-4)/8*2)/(-1). Let m be (-6)/2*(0 - 1). Calculate the greatest common factor of m and n.
1
Let q be 2 + (1 - 2) + 14. Suppose 0 = l - s + 3*s - 13, -3*s + q = 0. Calculate the greatest common factor of l and 33.
3
Let b be 1/(0 - 4/(-8)). Suppose x + b = 2*x. Calculate the highest common factor of x and 1.
1
Let u = 39 + -3. Let i(c) = c**2 + c. Let n(t) = -6*t**2 - 14*t - 6. Let z(g) = 5*i(g) + n(g). Let j be z(-6). What is the highest common divisor of j and u?
12
Let t(b) = b**3 - 15*b**2 - 11*b - 14. Let r be t(16). Calculate the highest common factor of 11 and r.
11
Let j be (6/(-4))/((-3)/12). Suppose r - 4 = -2*t + 3*t, 3*r - j = -3*t. What is the greatest common divisor of 6 and r?
3
Suppose 0*l + 5*h = 4*l + 8, l + 2 = -4*h. Let d be 729/36 + l/8. Calculate the highest common divisor of 220 and d.
20
Let h be (11 + 1)*(18 - 1 - 7). What is the greatest common divisor of h and 90?
30
Suppose 0 = -2*n + 10, 5*i + 0*i + 5*n = 70. What is the highest common factor of i and 18?
9
Suppose -12*b + 360 = -7*b. Calculate the highest common factor of b and 18.
18
Suppose -3 = t + 1. Let c be 98/8 + 1/t. Calculate the highest common factor of 12 and c.
12
Let g = -10 - -4. Let h(a) = -a - 2. Let b be h(g). Suppose -b*z - 23 = -83. Calculate the highest common divisor of z and 10.
5
Suppose -t + 4*a + 39 = 0, -2*a = -9*t + 7*t + 54. Let b be 24/(-14) - 4/14. Let v be (-1)/((1*b)/46). What is the highest common divisor of v and t?
23
Let c(i) = 3*i**2 - 4*i + 8. Let n be c(3). What is the greatest common divisor of 161 and n?
23
Let h(z) = -z**2 - 5*z - 1. Let p = -5 - -2. Let j be h(p). What is the greatest common factor of 45 and j?
5
Let k = 7 + 3. Calculate the greatest common divisor of 50 and k.
10
Let b(p) = p + 2. Let v be b(-1). Let w be 0 + -20 - (v + 1). Let k be (-4)/(-22) + (-766)/w. What is the greatest common factor of 7 and k?
7
Suppose -b - 2*b + 66 = 0. Suppose 3*o - b = 2*r - 8, 3*o + 3*r - 24 = 0. Let m be (23 - -7)*1/2. Calculate the highest common factor of m and o.
3
Let b = -5 - -17. Let g be (8/b)/((-1)/3). Let h be 2/(-4)*g*7. Calculate the highest common factor of h and 28.
7
Suppose -24*y + 25*y = 20. What is the greatest common factor of 20 and y?
20
Suppose 4*d - 32 = 24. What is the greatest common divisor of d and 14?
14
Let f(z) = 2 + z - 2. Let d be f(3). Suppose d*i - 4*o - 137 = 0, 0 = 5*i - 0*i - o - 200. Calculate the greatest common divisor of i and 26.
13
Let w = 5 + -4. Suppose w = y - 1. Suppose 0 = -y*v - 5*t + 30, -2*v = -5*v - 2*t + 45. Calculate the highest common divisor of 165 and v.
15
Suppose -5*n - 75 = -2*s, n - 30 = -s + 6*n. Calculate the highest common divisor of s and 15.
15
Let h(n) be the third derivative of n**6/30 - n**4/12 + n**3/3 + 7*n**2. Let l be h(1). What is the greatest common factor of l and 4?
4
Let o be (-30)/(-4)*4/6. Let i be 134/3 + (-1)/(-3). What is the highest common factor of o and i?
5
Let w(a) be the first derivative of -a**4/4 - 7*a**3/3 + 15*a**2/2 + 17*a - 6. Let m be w(-9). What is the greatest common divisor of m and 11?
11
Let l(u) = u**3 + 3*u**2 - 4*u - 3. Let f be l(-3). Let h = -31 + 94. What is the greatest common divisor of f and h?
9
Let v = -1 - -23. Suppose 2*g = -g. Suppose -m - 3*u = -6*u - 17, m + 3*u - 5 = g. Calculate the greatest common divisor of m and v.
11
Let z = -10 - -20. Let l be 3/((-63)/(-833)) - (-2)/6. Calculate the highest common divisor of l and z.
10
Suppose 2*a - 8 - 6 = 0. What is the greatest common factor of 7 and a?
7
Suppose 0 = -s - 2*l + 16, 0*s - l = 3*s - 48. Let f(j) = j**2 + 1. Let w be f(3). Let m be (-4)/10 + 804/w. What is the highest common divisor of s and m?
16
Let c(h) = 3*h + 1. Let w be c(1). Let k = 2 + w. Calculate the greatest common divisor of 12 and k.
6
Let k be -5 + 2 + 3 - -16. Calculate the highest common factor of 24 and k.
8
Suppose 8*a - 37 = 5*a + 2*h, 0 = -5*a + h + 50. Calculate the greatest common divisor of a and 1.
1
Suppose -4*b - 18 = v, v - 5*b = -v + 29. Let i(j) = -j**3 + 6*j**2 - 5*j + 6. Let m be i(5). What is the greatest common divisor of m and v?
2
Let l(b) = 3*b - 2 - 6*b + 2*b + b**2 + 6. Let t be l(3). Calculate the greatest common factor of 80 and t.
10
Suppose -4*g = -0*g - 8. Suppose 0*a + 2*a = 12. Calculate the greatest common divisor of g and a.
2
Suppose 42 = 2*l + 4*g, l + 2*g = g + 19. Calculate the greatest common factor of l and 119.
17
Let m = -7 - -25. Calculate the greatest common divisor of m and 2.
2
Let x be 2 + 1 + (41 - -1). Suppose 0 = -2*q - 4*m - 0*m - 12, -2*m = 3*q + 6. Suppose q*b - 3*b = -x. Calculate the highest common factor of b and 165.
15
Suppose 0 = -4*h - 42 + 202. Let x be h/30*(-30)/(-4). What is the greatest common divisor of 20 and x?
10
Let d(j) = -j + 2. Let i be d(1). What is the highest common factor of i and 7?
1
Let a be ((-24)/5)/((-2)/10). Let d = a - 15. Let f = 121 + -58. What is the highest common factor of d and f?
9
Suppose 12 = -3*v, -2*g + 54 = 3*v - 5*v. Let u = g - 14. Let r be 10/(-45) + 65/u. What is the highest common divisor of r and 28?
7
Let t(p) = p**2 + 4. Let i be t(5). Suppose -1 = -3*s + i. What is the greatest common factor of s and 40?
10
Let h(b) = -b**2 + 15*b + 12. Let d be h(15). Let a = 28 - 16. Calculate the highest common divisor of a and d.
12
Suppose 3*f + 49 - 118 = 0. Suppose 2*x + x = h - 38, -2*h + x = -51. What is the greatest common factor of f and h?
23
Let h(v) = -3*v - 6. Let i be h(-8). Suppose 2*d + 6 = 0, 4*d + 10 - 3 = 5*o. Let k = i + o. Calculate the highest common factor of k and 51.
17
Let o(l) = -l**3 - 2*l**2 - 2*l - 2. Let j be o(-2). Suppose -3*k = -9, -3*q + 0*k = -k - 3. What is the greatest common factor of j and q?
2
Let n be (-5)/(5/(-71)) + 1. Suppose 5*t = -15, -3*i + 15 = -0*t + 3*t. What is the greatest common factor of n and i?
8
Suppose 4*w + 2*f - 32 = 0, 1 = -3*w + 3*f + 25. Let u = -7 + 3. Let h be 8 + 2 + (u - -2). Calculate the greatest common factor of h and w.
8
Let y(c) = -c**3 + 4*c**2 + 6*c. Let n be y(5). Suppose -5 = -2*j + n. What is the highest common factor of 5 and j?
5
Suppose 5*p - 2*g = 125, -17 = -p + g + 5. Calculate the greatest common factor of p and 54.
27
Suppose 2*f - 2*l = -3*f - 25, -5*f = 2*l + 25. Let k = f - -3. Let w be 86 - 0 - (4 + k). What is the greatest common divisor of w and 12?
12
Let u(x) be the 